{"id":22901,"date":"2025-02-18T08:54:51","date_gmt":"2025-02-18T07:54:51","guid":{"rendered":"https:\/\/elejido.es\/consumo\/?page_id=22901"},"modified":"2025-02-21T11:29:53","modified_gmt":"2025-02-21T10:29:53","slug":"sistema-arbitral-de-consumo","status":"publish","type":"page","link":"https:\/\/elejido.es\/consumo\/index.php\/sistema-arbitral-de-consumo\/","title":{"rendered":"Sistema Arbitral de Consumo"},"content":{"rendered":"\n<div class=\"wp-block-group container\"><div class=\"wp-block-group__inner-container is-layout-flow wp-block-group-is-layout-flow\">\n<div style=\"height:25px\" aria-hidden=\"true\" class=\"wp-block-spacer\"><\/div>\n\n\n\n<div style=\"height:25px\" aria-hidden=\"true\" class=\"wp-block-spacer\"><\/div>\n\n\n<div class=\"breadcrumbs align  wp-block-bcn-breadcrumb-trail has-text-color has-background\" vocab=\"https:\/\/schema.org\/\" typeof=\"BreadcrumbList\">\n\t<span><\/span>\n\t<span property=\"itemListElement\" typeof=\"ListItem\"><a property=\"item\" typeof=\"WebPage\" title=\"Ir a Consumo El Ejido.\" href=\"https:\/\/elejido.es\/consumo\" class=\"home\" aria-current=\"page\"><span property=\"name\">Consumo El Ejido<\/span><\/a><meta property=\"position\" content=\"1\"><\/span><\/div>\n\n\n\n<div style=\"height:25px\" aria-hidden=\"true\" class=\"wp-block-spacer\"><\/div>\n\n\n\n<div style=\"height:25px\" aria-hidden=\"true\" class=\"wp-block-spacer\"><\/div>\n\n\n\n<h2 class=\"has-text-align-left animated zoomIn duration1 eds-on-scroll wp-block-heading\">\u00bfQu\u00e9 es el Sistema Arbitral de Consumo?<\/h2>\n\n\n\n<p>El <strong>Arbitraje de Consumo<\/strong> es una v\u00eda extrajudicial, r\u00e1pida, eficaz y econ\u00f3mica que permite resolver los desacuerdos que puedan surgir entre los dos protagonistas del consumo: el comprador o usuario y el vendedor o prestador de servicios.<\/p>\n\n\n\n<p>El Real Decreto 713\/2024, de 23 de julio, por el que se aprueba el Reglamento que regula el Sistema Arbitral de Consumo, expone que mediante el arbitral de consumo los \u00f3rganos arbitrales resuelven de forma extrajudicial, con car\u00e1cter vinculante y ejecutivo para las partes, los litigios, nacionales o transfronterizos, dirigidos a empresarios y que son sometidos a su decisi\u00f3n por consumidores o usuarios residentes en la Uni\u00f3n Europea al considerar que existe una vulneraci\u00f3n de sus derechos legal o contractualmente reconocidos. La sumisi\u00f3n al arbitraje de consumo tiene naturaleza voluntaria para las partes que mantienen la controversia.<\/p>\n\n\n\n<div style=\"height:50px\" aria-hidden=\"true\" class=\"wp-block-spacer\"><\/div>\n\n\n\n<h2 class=\"wp-block-heading\">Junta Arbitral Municipal de Consumo de El Ejido<\/h2>\n\n\n\n<p>Las Juntas Arbitrales de Consumo, tienen la naturaleza de \u00f3rganos administrativos.<\/p>\n\n\n\n<p>2. Son Juntas Arbitrales de Consumo:<\/p>\n\n\n\n<p>a) La Junta Arbitral Nacional, adscrita al Ministerio con competencias en materia de consumo.<\/p>\n\n\n\n<p>b) Las Juntas Arbitrales territoriales, de \u00e1mbito auton\u00f3mico o local, constituidas mediante la suscripci\u00f3n de convenio entre las administraciones p\u00fablicas territoriales y el Ministerio con competencias en materia de consumo.<\/p>\n\n\n\n<p><strong>Ser\u00e1 competente<\/strong> para conocer de las solicitudes de arbitraje la Junta Arbitral territorial en la que tenga su domicilio el consumidor. Cuando existan varias Juntas Arbitrales territoriales competentes conocer\u00e1 el asunto la de inferior \u00e1mbito territorial. Tambi\u00e9n podr\u00e1 resolver el litigio una Junta Arbitral de Consumo distinta de la que resulte competente, cuando as\u00ed lo decida el consumidor.<\/p>\n\n\n\n<p>Estas Juntas Arbitrales est\u00e1n <strong>compuestas<\/strong> por las personas titulares y suplentes de su presidencia y secretar\u00eda y por el personal que sirve de apoyo al desarrollo de sus funciones, cargos que recaen en personal al servicio de las Administraciones P\u00fablicas.<\/p>\n\n\n\n<p>El Ayuntamiento de El Ejido tiene constituida y en funcionamiento la <strong><u>Junta Arbitral Municipal de Consumo de El Ejido<\/u><\/strong> desde el 2 de junio de 1999, y est\u00e1 integrada por un\/a presidente\/a y un\/a secretario\/a, cargos que recaen en personal funcionario al servicio del Ayuntamiento de El Ejido.<\/p>\n\n\n\n<p>La renovaci\u00f3n del Convenio entre el Ministerio de Consumo, la Consejer\u00eda de Salud y Familias de la Junta de Andaluc\u00eda y el Ayuntamiento de El Ejido, para la constituci\u00f3n de la Junta Arbitral de Consumo de El Ejido fue aprobada el d\u00eda 27 de julio de 2021.<\/p>\n\n\n\n<div style=\"height:25px\" aria-hidden=\"true\" class=\"wp-block-spacer\"><\/div>\n\n\n\n<h3 class=\"wp-block-heading\">Funciones de la Junta Arbitral Municipal de Consumo de El Ejido<\/h3>\n\n\n\n<p>a) <strong>Fomentar<\/strong> el arbitraje de consumo entre consumidores y empresarios y las asociaciones u organizaciones de ambos, procurando la adhesi\u00f3n de las empresas al Sistema Arbitral de Consumo.<\/p>\n\n\n\n<p>b) <strong>Conocer<\/strong> de las ofertas p\u00fablicas de adhesi\u00f3n al Sistema Arbitral de Consumo sobre las que resulten competentes, de conformidad con lo establecido en el art\u00edculo 25, as\u00ed como conceder y retirar el distintivo de empresario adherido.<\/p>\n\n\n\n<p>c) <strong>Gestionar y mantener actualizados<\/strong>, en su \u00e1mbito de actuaci\u00f3n, los datos de los empresarios que hayan efectuado ofertas p\u00fablicas de adhesi\u00f3n, mientras estas se encuentren en vigor.<\/p>\n\n\n\n<p>d) <strong>Comunicar al Ministerio<\/strong> con competencias en materia de consumo los datos actualizados de los empresarios que hayan realizado ofertas p\u00fablicas de adhesi\u00f3n al Sistema Arbitral de Consumo.<\/p>\n\n\n\n<p>e) <strong>Elaborar y actualizar <\/strong>la lista de las personas acreditadas como \u00e1rbitros.<\/p>\n\n\n\n<p>f) <strong>Facilitar una soluci\u00f3n consensuada<\/strong> entre el consumidor o usuario que presenta una solicitud de arbitraje y el empresario reclamado siempre que se considere objetivamente posible, con el fin de evitar el inicio del procedimiento arbitral.<\/p>\n\n\n\n<p>g) <strong>Admitir o inadmitir<\/strong> y, en su caso, archivar las solicitudes de arbitraje recibidas, as\u00ed como impulsar y gestionar los procedimientos arbitrales de consumo.<\/p>\n\n\n\n<p>h) <strong>Proveer de medios<\/strong> y realizar las actuaciones necesarias para el mejor ejercicio de las funciones de los \u00f3rganos arbitrales.<\/p>\n\n\n\n<p>i) <strong>Publicar en su portal de Internet<\/strong> informaci\u00f3n anual sobre la actividad desarrollada conforme a lo previsto en el art\u00edculo 38 de la Ley 7\/2017, de 2 de noviembre, por la que se incorpora al ordenamiento jur\u00eddico espa\u00f1ol la Directiva 2013\/11\/UE, del Parlamento Europeo y del Consejo, de 21 de mayo de 2013, relativa a la resoluci\u00f3n alternativa de litigios en materia de consumo.<\/p>\n\n\n\n<p>j) <strong>Publicar los laudos emitidos<\/strong>, cuyo contenido, respetando la privacidad de las partes, ser\u00e1 p\u00fablico.<\/p>\n\n\n\n<p>k) <strong>Poner a disposici\u00f3n de los consumidores y empresarios<\/strong> formularios de solicitud de arbitraje, de contestaci\u00f3n y de aceptaci\u00f3n de esta, as\u00ed como de ofertas p\u00fablicas de adhesi\u00f3n al Sistema Arbitral de Consumo.<\/p>\n\n\n\n<p>l) <strong>Cualquier otra actividad<\/strong> relacionada con el desarrollo de las funciones que le son propias.<\/p>\n\n\n\n<div style=\"height:25px\" aria-hidden=\"true\" class=\"wp-block-spacer\"><\/div>\n\n\n\n<h3 class=\"wp-block-heading\">\u00bfC\u00f3mo se tramita el procedimiento arbitral?<\/h3>\n\n\n\n<p>El procedimiento se inicia con la formalizaci\u00f3n de una <a href=\"https:\/\/sede.diphuelva.es\/moad\/oficina-moad\/tramites\/acceso.do?id=15285&amp;entity=635&amp;siteCode=DIPHUE_SEDE\"><strong>Solicitud de Arbitraje de Consumo<\/strong><\/a>, que puede presentarse en la Junta Arbitral Municipal de Consumo de El Ejido o a trav\u00e9s de una <strong>Asociaci\u00f3n de Consumidores<\/strong>.<\/p>\n\n\n\n<div style=\"height:25px\" aria-hidden=\"true\" class=\"wp-block-spacer\"><\/div>\n\n\n<div id=\"pl-gb22901-69ee51825d6ca\"  class=\"panel-layout\" ><div id=\"pg-gb22901-69ee51825d6ca-0\"  class=\"panel-grid panel-no-style\" ><div id=\"pgc-gb22901-69ee51825d6ca-0-0\"  class=\"panel-grid-cell\" ><div id=\"panel-gb22901-69ee51825d6ca-0-0-0\" class=\"so-panel widget widget_sow-cta panel-first-child panel-last-child\" data-index=\"0\" ><div\n\t\t\t\n\t\t\tclass=\"so-widget-sow-cta so-widget-sow-cta-default-d14a8d7b8425-22901\"\n\t\t\t\n\t\t><div\n\tclass=\"sow-cta-base\"\n\t>\n\t\n\t<div class=\"sow-cta-wrapper\">\n\n\t\t<div class=\"sow-cta-text\">\n\t\t\t\t\t\t\t<h4 class=\"sow-cta-title\">\n\t\t\t\t\tSolicitud de Arbitraje\t\t\t\t<\/h4>\n\t\t\t\n\t\t\t\t\t\t\t<h4 class=\"sow-cta-subtitle\">\n\t\t\t\t\tPresenta la siguiente solicitud de arbitraje para iniciar el tr\u00e1mite. \t\t\t\t<\/h4>\n\t\t\t\t\t<\/div>\n\n\t\t<div\n\t\t\t\n\t\t\tclass=\"so-widget-sow-button so-widget-sow-button-flat-ff7ed44237d6\"\n\t\t\t\n\t\t><div class=\"ow-button-base ow-button-align-center\"\n>\n\t\t\t<a\n\t\t\t\t\thref=\"https:\/\/sede.elejido.es\/oficinavirtual\/catalogoprocedimientos\/instancias\/8\/MOD201J%20-solicitud%20arbitraje.pdf\"\n\t\t\t\t\tclass=\"sowb-button ow-icon-placement-left ow-button-hover\" \t>\n\t\t<span>\n\t\t\t\n\t\t\tVer m\u00e1s\t\t<\/span>\n\t\t\t<\/a>\n\t<\/div>\n<\/div>\n\t<\/div>\n\n\t<\/div>\n<\/div><\/div><\/div><\/div><\/div>\n\n\n<div style=\"height:25px\" aria-hidden=\"true\" class=\"wp-block-spacer\"><\/div>\n\n\n\n<p>Una vez recibida la solicitud, se comprobar\u00e1 si es admisible y si el empresario o comerciante reclamado est\u00e1 adherido al sistema. Si lo est\u00e1, comenzar\u00e1 el procedimiento propiamente dicho. Si no lo est\u00e1, se le trasladar\u00e1 la solicitud para su aceptaci\u00f3n y comienzo del procedimiento. Si no est\u00e1 adherido pero desea hacerlo, debe rellenar una <a href=\"https:\/\/sede.diphuelva.es\/moad\/oficina-moad\/tramites\/acceso.do?id=15285&amp;entity=635&amp;siteCode=DIPHUE_SEDE\"><strong>Solicitud de Adhesi\u00f3n de Empresas al SAC<\/strong><\/a> y entregarlo en la Junta Arbitral.<\/p>\n\n\n\n<p>Si el empresario rechaza la invitaci\u00f3n al arbitraje, se archivar\u00e1 la solicitud sin m\u00e1s tr\u00e1mites, dado el car\u00e1cter voluntario del sistema.<\/p>\n\n\n\n<p>La solicitud de arbitraje se mediar\u00e1 para buscar una soluci\u00f3n consensuada &nbsp;que ponga fin al conflicto, salvo oposici\u00f3n expresa de cualquiera de las partes.<\/p>\n\n\n\n<p>El arbitraje ser\u00e1 en equidad, salvo que algunas de las partes solicite arbitraje en derecho. El arbitraje en equidad supone que los \u00e1rbitros deciden seg\u00fan su leal saber y entender pero el laudo siempre ha de motivarse. Y el arbitraje en derecho quiere decir que los \u00e1rbitros dictar\u00e1n el laudo con fundamentaci\u00f3n y motivaci\u00f3n jur\u00eddicas.<\/p>\n\n\n\n<h3 class=\"wp-block-heading\">\u00d3rgano Arbitral<\/h3>\n\n\n\n<p>Iniciado el procedimiento arbitral, el Presidente\/a de la Junta por turno de la lista de \u00e1rbitros acreditados ante la Junta Arbitral de Consumo designar\u00e1 el \u00f3rgano arbitral competente, que resolver\u00e1 el conflicto planteado por las partes.<\/p>\n\n\n\n<p>Si el \u00f3rgano arbitral es unipersonal, se compone por:<\/p>\n\n\n\n<ul class=\"wp-block-list\">\n<li><strong>Presidente\/a<\/strong>, designado\/a por la Administraci\u00f3n<\/li>\n\n\n\n<li><strong>Secretario\/a<\/strong> del \u00f3rgano arbitral<\/li>\n<\/ul>\n\n\n\n<p>Si el \u00f3rgano arbitral es colegiado, estar\u00e1 compuesto:<\/p>\n\n\n\n<ul class=\"wp-block-list\">\n<li><strong>Por el Presidente<\/strong>, designado\/a por la Administraci\u00f3n<\/li>\n\n\n\n<li><strong>Por un \u00c1rbitro, representante de los Consumidores<\/strong><\/li>\n\n\n\n<li><strong>Por un \u00c1rbitro, representante de los Empresarios<\/strong><\/li>\n\n\n\n<li><strong>Por el Secretario\/a<\/strong> del \u00f3rgano arbitral<\/li>\n<\/ul>\n\n\n\n<h3 class=\"wp-block-heading\">Alegaciones y Audiencia<\/h3>\n\n\n\n<p>A lo largo de todo el procedimiento las partes ser\u00e1n o\u00eddas d\u00e1ndoles traslado de todos los documentos, alegaciones o pruebas que se presenten. En particular, se les requerir\u00e1 expresamente para la contestaci\u00f3n de la solicitud y para la audiencia, en la que podr\u00e1n manifestar cu\u00e1nto estimen conveniente sobre el conflicto existente.<\/p>\n\n\n\n<p>El empresario reclamado podr\u00e1 proponer reconvenci\u00f3n a la solicitud de arbitraje en el momento de contestaci\u00f3n a esta.<\/p>\n\n\n\n<p>En cualquier momento, en el curso de las actuaciones arbitrales, el consumidor podr\u00e1 modificar o ampliar la pretensi\u00f3n recogida en la solicitud, a menos que el \u00f3rgano arbitral lo considere improcedente por raz\u00f3n de la demora con que se hubiere efectuado.<\/p>\n\n\n\n<h3 class=\"wp-block-heading\">Pruebas<\/h3>\n\n\n\n<p>El \u00f3rgano arbitral acordar\u00e1 las pruebas que estime pertinentes bien por propia iniciativa o la de las partes. Cuando las pruebas se acuerden por iniciativa del \u00f3rgano arbitral, \u00e9stas ser\u00e1n costeadas por la Administraci\u00f3n de la que dependa la Junta Arbitral de Consumo. En caso de que se proponga por las partes y el \u00f3rgano arbitral no estime que sean necesarias, el pago de las pruebas ser\u00e1 asumido por la parte que la solicita. <\/p>\n\n\n\n<h3 class=\"wp-block-heading\">Laudo<\/h3>\n\n\n\n<p>El Procedimiento finaliza con un laudo arbitral obligatorio y con car\u00e1cter ejecutivo, que resuelve el conflicto y tiene eficacia de cosa juzgada.<\/p>\n\n\n\n<p>El laudo arbitral es la resoluci\u00f3n escrita que emite el \u00f3rgano arbitral y donde <strong>se estima<\/strong> (total o parcialmente) o <strong>desestima<\/strong> la pretensi\u00f3n planteada por la persona consumidora a trav\u00e9s de la Solicitud de Arbitraje de Consumo.<\/p>\n\n\n\n<p>Si las partes llegaran a un acuerdo por s\u00ed mismas a lo largo del procedimiento, \u00e9ste ser\u00e1 recogido en un laudo llamado conciliatorio.<\/p>\n\n\n\n<h3 class=\"wp-block-heading\">Recursos<\/h3>\n\n\n\n<p>Contra el laudo dictado por el \u00f3rgano arbitral solo cabe la Acci\u00f3n de Anulaci\u00f3n ante la Sala de lo Civil y Penal del Tribunal Superior de Justicia de la Comunidad Aut\u00f3noma de Andaluc\u00eda en un plazo de dos meses desde la notificaci\u00f3n a los interesados y el Recurso Extraordinario de Revisi\u00f3n, conforme a lo establecido en la legislaci\u00f3n procesal para las sentencias judiciales firmes.<\/p>\n\n\n\n<p>&nbsp;<\/p>\n\n\n\n<h4 class=\"wp-block-heading\">&nbsp;<\/h4>\n<\/div><\/div>\n","protected":false},"excerpt":{"rendered":"<p>\u00bfQu\u00e9 es el Sistema Arbitral de Consumo? El Arbitraje de Consumo es una v\u00eda extrajudicial, r\u00e1pida, eficaz y econ\u00f3mica que permite resolver los desacuerdos que puedan surgir entre los dos protagonistas del consumo: el comprador o usuario y el vendedor o prestador de servicios. El Real Decreto 713\/2024, de 23 de julio, por el que [&hellip;]<\/p>\n","protected":false},"author":5,"featured_media":0,"parent":0,"menu_order":0,"comment_status":"closed","ping_status":"closed","template":"","meta":{"content-type":"","ocean_post_layout":"","ocean_both_sidebars_style":"","ocean_both_sidebars_content_width":0,"ocean_both_sidebars_sidebars_width":0,"ocean_sidebar":"0","ocean_second_sidebar":"0","ocean_disable_margins":"enable","ocean_add_body_class":"","ocean_shortcode_before_top_bar":"","ocean_shortcode_after_top_bar":"","ocean_shortcode_before_header":"","ocean_shortcode_after_header":"","ocean_has_shortcode":"","ocean_shortcode_after_title":"","ocean_shortcode_before_footer_widgets":"","ocean_shortcode_after_footer_widgets":"","ocean_shortcode_before_footer_bottom":"","ocean_shortcode_after_footer_bottom":"","ocean_display_top_bar":"default","ocean_display_header":"default","ocean_header_style":"","ocean_center_header_left_menu":"0","ocean_custom_header_template":"0","ocean_custom_logo":0,"ocean_custom_retina_logo":0,"ocean_custom_logo_max_width":0,"ocean_custom_logo_tablet_max_width":0,"ocean_custom_logo_mobile_max_width":0,"ocean_custom_logo_max_height":0,"ocean_custom_logo_tablet_max_height":0,"ocean_custom_logo_mobile_max_height":0,"ocean_header_custom_menu":"0","ocean_menu_typo_font_family":"0","ocean_menu_typo_font_subset":"","ocean_menu_typo_font_size":0,"ocean_menu_typo_font_size_tablet":0,"ocean_menu_typo_font_size_mobile":0,"ocean_menu_typo_font_size_unit":"px","ocean_menu_typo_font_weight":"","ocean_menu_typo_font_weight_tablet":"","ocean_menu_typo_font_weight_mobile":"","ocean_menu_typo_transform":"","ocean_menu_typo_transform_tablet":"","ocean_menu_typo_transform_mobile":"","ocean_menu_typo_line_height":0,"ocean_menu_typo_line_height_tablet":0,"ocean_menu_typo_line_height_mobile":0,"ocean_menu_typo_line_height_unit":"","ocean_menu_typo_spacing":0,"ocean_menu_typo_spacing_tablet":0,"ocean_menu_typo_spacing_mobile":0,"ocean_menu_typo_spacing_unit":"","ocean_menu_link_color":"","ocean_menu_link_color_hover":"","ocean_menu_link_color_active":"","ocean_menu_link_background":"","ocean_menu_link_hover_background":"","ocean_menu_link_active_background":"","ocean_menu_social_links_bg":"","ocean_menu_social_hover_links_bg":"","ocean_menu_social_links_color":"","ocean_menu_social_hover_links_color":"","ocean_disable_title":"default","ocean_disable_heading":"default","ocean_post_title":"","ocean_post_subheading":"","ocean_post_title_style":"","ocean_post_title_background_color":"","ocean_post_title_background":0,"ocean_post_title_bg_image_position":"","ocean_post_title_bg_image_attachment":"","ocean_post_title_bg_image_repeat":"","ocean_post_title_bg_image_size":"","ocean_post_title_height":0,"ocean_post_title_bg_overlay":0.5,"ocean_post_title_bg_overlay_color":"","ocean_disable_breadcrumbs":"default","ocean_breadcrumbs_color":"","ocean_breadcrumbs_separator_color":"","ocean_breadcrumbs_links_color":"","ocean_breadcrumbs_links_hover_color":"","ocean_display_footer_widgets":"default","ocean_display_footer_bottom":"default","ocean_custom_footer_template":"0","footnotes":""},"class_list":["post-22901","page","type-page","status-publish","hentry","entry"],"yoast_head":"<!-- This site is optimized with the Yoast SEO plugin v27.4 - https:\/\/yoast.com\/product\/yoast-seo-wordpress\/ -->\n<title>Sistema Arbitral de Consumo - Consumo El Ejido<\/title>\n<meta name=\"description\" content=\"El sistema arbitral de consumo permite resolver conflictos entre usuarios y empresarios de manera r\u00e1pida. Inf\u00f3rmate sobre el tr\u00e1mite.\" \/>\n<meta name=\"robots\" content=\"index, follow, max-snippet:-1, max-image-preview:large, max-video-preview:-1\" \/>\n<link rel=\"canonical\" href=\"https:\/\/elejido.es\/consumo\/index.php\/sistema-arbitral-de-consumo\/\" \/>\n<meta property=\"og:locale\" content=\"es_ES\" \/>\n<meta property=\"og:type\" content=\"article\" \/>\n<meta property=\"og:title\" content=\"Sistema Arbitral de Consumo - Consumo El Ejido\" \/>\n<meta property=\"og:description\" content=\"El sistema arbitral de consumo permite resolver conflictos entre usuarios y empresarios de manera r\u00e1pida. Inf\u00f3rmate sobre el tr\u00e1mite.\" \/>\n<meta property=\"og:url\" content=\"https:\/\/elejido.es\/consumo\/index.php\/sistema-arbitral-de-consumo\/\" \/>\n<meta property=\"og:site_name\" content=\"Consumo El Ejido\" \/>\n<meta property=\"article:modified_time\" content=\"2025-02-21T10:29:53+00:00\" \/>\n<meta name=\"twitter:card\" content=\"summary_large_image\" \/>\n<meta name=\"twitter:label1\" content=\"Tiempo de lectura\" \/>\n\t<meta name=\"twitter:data1\" content=\"7 minutos\" \/>\n<script type=\"application\/ld+json\" class=\"yoast-schema-graph\">{\"@context\":\"https:\\\/\\\/schema.org\",\"@graph\":[{\"@type\":\"WebPage\",\"@id\":\"https:\\\/\\\/elejido.es\\\/consumo\\\/index.php\\\/sistema-arbitral-de-consumo\\\/\",\"url\":\"https:\\\/\\\/elejido.es\\\/consumo\\\/index.php\\\/sistema-arbitral-de-consumo\\\/\",\"name\":\"Sistema Arbitral de Consumo - Consumo El Ejido\",\"isPartOf\":{\"@id\":\"https:\\\/\\\/elejido.es\\\/consumo\\\/#website\"},\"datePublished\":\"2025-02-18T07:54:51+00:00\",\"dateModified\":\"2025-02-21T10:29:53+00:00\",\"description\":\"El sistema arbitral de consumo permite resolver conflictos entre usuarios y empresarios de manera r\u00e1pida. Inf\u00f3rmate sobre el tr\u00e1mite.\",\"inLanguage\":\"es\",\"potentialAction\":[{\"@type\":\"ReadAction\",\"target\":[\"https:\\\/\\\/elejido.es\\\/consumo\\\/index.php\\\/sistema-arbitral-de-consumo\\\/\"]}]},{\"@type\":\"WebSite\",\"@id\":\"https:\\\/\\\/elejido.es\\\/consumo\\\/#website\",\"url\":\"https:\\\/\\\/elejido.es\\\/consumo\\\/\",\"name\":\"Consumo El Ejido\",\"description\":\"P\u00e1gina Oficial del \u00c1rea de Consumo del Ayuntamiento de El Ejido. Conoce la OMIC de El Ejido. Consejos para consumidores y mucho m\u00e1s.\",\"publisher\":{\"@id\":\"https:\\\/\\\/elejido.es\\\/consumo\\\/#organization\"},\"potentialAction\":[{\"@type\":\"SearchAction\",\"target\":{\"@type\":\"EntryPoint\",\"urlTemplate\":\"https:\\\/\\\/elejido.es\\\/consumo\\\/?s={search_term_string}\"},\"query-input\":{\"@type\":\"PropertyValueSpecification\",\"valueRequired\":true,\"valueName\":\"search_term_string\"}}],\"inLanguage\":\"es\"},{\"@type\":\"Organization\",\"@id\":\"https:\\\/\\\/elejido.es\\\/consumo\\\/#organization\",\"name\":\"Consumo El Ejido\",\"url\":\"https:\\\/\\\/elejido.es\\\/consumo\\\/\",\"logo\":{\"@type\":\"ImageObject\",\"inLanguage\":\"es\",\"@id\":\"https:\\\/\\\/elejido.es\\\/consumo\\\/#\\\/schema\\\/logo\\\/image\\\/\",\"url\":\"https:\\\/\\\/elejido.es\\\/consumo\\\/wp-content\\\/uploads\\\/2023\\\/08\\\/unnamed.jpg\",\"contentUrl\":\"https:\\\/\\\/elejido.es\\\/consumo\\\/wp-content\\\/uploads\\\/2023\\\/08\\\/unnamed.jpg\",\"width\":512,\"height\":260,\"caption\":\"Consumo El Ejido\"},\"image\":{\"@id\":\"https:\\\/\\\/elejido.es\\\/consumo\\\/#\\\/schema\\\/logo\\\/image\\\/\"}}]}<\/script>\n<!-- \/ Yoast SEO plugin. -->","yoast_head_json":{"title":"Sistema Arbitral de Consumo - Consumo El Ejido","description":"El sistema arbitral de consumo permite resolver conflictos entre usuarios y empresarios de manera r\u00e1pida. Inf\u00f3rmate sobre el tr\u00e1mite.","robots":{"index":"index","follow":"follow","max-snippet":"max-snippet:-1","max-image-preview":"max-image-preview:large","max-video-preview":"max-video-preview:-1"},"canonical":"https:\/\/elejido.es\/consumo\/index.php\/sistema-arbitral-de-consumo\/","og_locale":"es_ES","og_type":"article","og_title":"Sistema Arbitral de Consumo - Consumo El Ejido","og_description":"El sistema arbitral de consumo permite resolver conflictos entre usuarios y empresarios de manera r\u00e1pida. Inf\u00f3rmate sobre el tr\u00e1mite.","og_url":"https:\/\/elejido.es\/consumo\/index.php\/sistema-arbitral-de-consumo\/","og_site_name":"Consumo El Ejido","article_modified_time":"2025-02-21T10:29:53+00:00","twitter_card":"summary_large_image","twitter_misc":{"Tiempo de lectura":"7 minutos"},"schema":{"@context":"https:\/\/schema.org","@graph":[{"@type":"WebPage","@id":"https:\/\/elejido.es\/consumo\/index.php\/sistema-arbitral-de-consumo\/","url":"https:\/\/elejido.es\/consumo\/index.php\/sistema-arbitral-de-consumo\/","name":"Sistema Arbitral de Consumo - Consumo El Ejido","isPartOf":{"@id":"https:\/\/elejido.es\/consumo\/#website"},"datePublished":"2025-02-18T07:54:51+00:00","dateModified":"2025-02-21T10:29:53+00:00","description":"El sistema arbitral de consumo permite resolver conflictos entre usuarios y empresarios de manera r\u00e1pida. Inf\u00f3rmate sobre el tr\u00e1mite.","inLanguage":"es","potentialAction":[{"@type":"ReadAction","target":["https:\/\/elejido.es\/consumo\/index.php\/sistema-arbitral-de-consumo\/"]}]},{"@type":"WebSite","@id":"https:\/\/elejido.es\/consumo\/#website","url":"https:\/\/elejido.es\/consumo\/","name":"Consumo El Ejido","description":"P\u00e1gina Oficial del \u00c1rea de Consumo del Ayuntamiento de El Ejido. Conoce la OMIC de El Ejido. Consejos para consumidores y mucho m\u00e1s.","publisher":{"@id":"https:\/\/elejido.es\/consumo\/#organization"},"potentialAction":[{"@type":"SearchAction","target":{"@type":"EntryPoint","urlTemplate":"https:\/\/elejido.es\/consumo\/?s={search_term_string}"},"query-input":{"@type":"PropertyValueSpecification","valueRequired":true,"valueName":"search_term_string"}}],"inLanguage":"es"},{"@type":"Organization","@id":"https:\/\/elejido.es\/consumo\/#organization","name":"Consumo El Ejido","url":"https:\/\/elejido.es\/consumo\/","logo":{"@type":"ImageObject","inLanguage":"es","@id":"https:\/\/elejido.es\/consumo\/#\/schema\/logo\/image\/","url":"https:\/\/elejido.es\/consumo\/wp-content\/uploads\/2023\/08\/unnamed.jpg","contentUrl":"https:\/\/elejido.es\/consumo\/wp-content\/uploads\/2023\/08\/unnamed.jpg","width":512,"height":260,"caption":"Consumo El Ejido"},"image":{"@id":"https:\/\/elejido.es\/consumo\/#\/schema\/logo\/image\/"}}]}},"_links":{"self":[{"href":"https:\/\/elejido.es\/consumo\/index.php\/wp-json\/wp\/v2\/pages\/22901","targetHints":{"allow":["GET"]}}],"collection":[{"href":"https:\/\/elejido.es\/consumo\/index.php\/wp-json\/wp\/v2\/pages"}],"about":[{"href":"https:\/\/elejido.es\/consumo\/index.php\/wp-json\/wp\/v2\/types\/page"}],"author":[{"embeddable":true,"href":"https:\/\/elejido.es\/consumo\/index.php\/wp-json\/wp\/v2\/users\/5"}],"replies":[{"embeddable":true,"href":"https:\/\/elejido.es\/consumo\/index.php\/wp-json\/wp\/v2\/comments?post=22901"}],"version-history":[{"count":8,"href":"https:\/\/elejido.es\/consumo\/index.php\/wp-json\/wp\/v2\/pages\/22901\/revisions"}],"predecessor-version":[{"id":22946,"href":"https:\/\/elejido.es\/consumo\/index.php\/wp-json\/wp\/v2\/pages\/22901\/revisions\/22946"}],"wp:attachment":[{"href":"https:\/\/elejido.es\/consumo\/index.php\/wp-json\/wp\/v2\/media?parent=22901"}],"curies":[{"name":"wp","href":"https:\/\/api.w.org\/{rel}","templated":true}]}}